{"id":875,"date":"2023-07-03T03:16:03","date_gmt":"2023-07-03T03:16:03","guid":{"rendered":"https:\/\/demo.agnidesigns.com\/everglow\/?page_id=57"},"modified":"2025-03-10T13:48:19","modified_gmt":"2025-03-10T12:48:19","slug":"about-us","status":"publish","type":"page","link":"https:\/\/so-ceramic.fr\/index.php\/about-us\/","title":{"rendered":"About us"},"content":{"rendered":"\n<div class=\"wp-block-cover alignfull is-light\" style=\"min-height:580px;aspect-ratio:unset;\"><span aria-hidden=\"true\" class=\"wp-block-cover__background has-background-dim-0 has-background-dim\"><\/span><img decoding=\"async\" class=\"wp-block-cover__image-background wp-image-386\" alt=\"\" src=\"https:\/\/demo.agnidesigns.com\/everglow\/wp-content\/uploads\/2023\/07\/about-image-9-scaled.jpg\" data-object-fit=\"cover\"\/><div class=\"wp-block-cover__inner-container is-layout-flow wp-block-cover-is-layout-flow\">\n<div class=\"wp-block-group has-global-padding is-layout-constrained wp-block-group-is-layout-constrained\">\n<div class=\"wp-block-group has-global-padding is-content-justification-left is-layout-constrained wp-container-core-group-is-layout-dc37ffa9 wp-block-group-is-layout-constrained\">\n<h5 class=\"wp-block-heading has-white-color has-text-color\">Our care on Skin is endless<\/h5>\n\n\n\n<h1 class=\"wp-block-heading has-text-align-left has-white-color has-text-color\">Explore our whole process from the back<\/h1>\n\n\n\n<div class=\"wp-block-buttons is-layout-flex wp-block-buttons-is-layout-flex\">\n<div class=\"wp-block-button is-style-outline is-style-outline--1\"><a class=\"wp-block-button__link has-white-color has-text-color wp-element-button\">Discover our products<\/a><\/div>\n<\/div>\n<\/div>\n<\/div>\n<\/div><\/div>\n\n\n\n<div style=\"height:7vh\" aria-hidden=\"true\" class=\"wp-block-spacer\"><\/div>\n\n\n\n<div class=\"wp-block-group has-global-padding is-layout-constrained wp-container-core-group-is-layout-41c06ba8 wp-block-group-is-layout-constrained\">\n<h2 class=\"wp-block-heading has-text-align-center\" style=\"padding-bottom:var(--wp--preset--spacing--10)\">DEVISE<\/h2>\n\n\n\n<p class=\"has-text-align-center has-x-large-font-size\">The act of applying makeup to enhance and beautify our features is one of life\u2019s enduring rituals.<\/p>\n\n\n\n<p class=\"has-text-align-center has-x-large-font-size\">Until recently, to find something that could nurture and nourish the skin, rather than toxify it, was close to impossible.<\/p>\n<\/div>\n\n\n\n<div style=\"height:5vh\" aria-hidden=\"true\" class=\"wp-block-spacer\"><\/div>\n\n\n\n<div class=\"wp-block-media-text alignwide is-stacked-on-mobile has-accent-background-background-color has-background\"><figure class=\"wp-block-media-text__media\"><img loading=\"lazy\" decoding=\"async\" width=\"768\" height=\"1024\" src=\"http:\/\/fulleyo.cluster027.hosting.ovh.net\/wp-content\/uploads\/2025\/01\/IMG_8336-768x1024.jpeg\" alt=\"\" class=\"wp-image-935 size-full\" srcset=\"https:\/\/so-ceramic.fr\/wp-content\/uploads\/2025\/01\/IMG_8336-768x1024.jpeg 768w, https:\/\/so-ceramic.fr\/wp-content\/uploads\/2025\/01\/IMG_8336-225x300.jpeg 225w, https:\/\/so-ceramic.fr\/wp-content\/uploads\/2025\/01\/IMG_8336-1152x1536.jpeg 1152w, https:\/\/so-ceramic.fr\/wp-content\/uploads\/2025\/01\/IMG_8336-1536x2048.jpeg 1536w, https:\/\/so-ceramic.fr\/wp-content\/uploads\/2025\/01\/IMG_8336-1320x1760.jpeg 1320w, https:\/\/so-ceramic.fr\/wp-content\/uploads\/2025\/01\/IMG_8336-600x800.jpeg 600w, https:\/\/so-ceramic.fr\/wp-content\/uploads\/2025\/01\/IMG_8336-scaled.jpeg 1920w\" sizes=\"auto, (max-width: 768px) 100vw, 768px\" \/><\/figure><div class=\"wp-block-media-text__content\">\n<div class=\"wp-block-group has-global-padding is-content-justification-left is-layout-constrained wp-container-core-group-is-layout-26165020 wp-block-group-is-layout-constrained\" style=\"padding-top:var(--wp--preset--spacing--20);padding-right:var(--wp--preset--spacing--20);padding-bottom:var(--wp--preset--spacing--20);padding-left:var(--wp--preset--spacing--20)\">\n<h3 class=\"wp-block-heading\">Ma Philosophie<\/h3>\n\n\n\n<p>Depuis 2022, mon r\u00eave est de me consacrer pleinement \u00e0 la poterie, de partager mes cr\u00e9ations, d&rsquo;\u00e9changer avec enthousiasme, d&rsquo;explorer de nouveaux horizons et de participer modestement au d\u00e9veloppement de cette activit\u00e9 \u00e0 la fois enrichissante et captivante.<\/p>\n\n\n\n<p><\/p>\n\n\n\n<div class=\"wp-block-group has-global-padding is-layout-constrained wp-container-core-group-is-layout-c19476fc wp-block-group-is-layout-constrained\">\n<figure class=\"wp-block-image size-full is-resized\"><img decoding=\"async\" src=\"https:\/\/demo.agnidesigns.com\/everglow\/wp-content\/uploads\/2023\/07\/founder-name.png\" alt=\"\" class=\"wp-image-79\" style=\"width:133px;height:52px\"\/><\/figure>\n\n\n\n<h6 class=\"wp-block-heading\" style=\"font-size:10px\"><\/h6>\n<\/div>\n<\/div>\n<\/div><\/div>\n\n\n\n<div style=\"height:5vh\" aria-hidden=\"true\" class=\"wp-block-spacer\"><\/div>\n\n\n\n<div class=\"wp-block-cover alignfull is-light\" style=\"min-height:571px;aspect-ratio:unset;\"><span aria-hidden=\"true\" class=\"wp-block-cover__background has-background-dim-0 has-background-dim\"><\/span><img decoding=\"async\" class=\"wp-block-cover__image-background wp-image-384\" alt=\"\" src=\"https:\/\/demo.agnidesigns.com\/everglow\/wp-content\/uploads\/2023\/07\/about-image-7-scaled.jpg\" data-object-fit=\"cover\"\/><div class=\"wp-block-cover__inner-container is-layout-flow wp-block-cover-is-layout-flow\">\n<div style=\"height:10vh\" aria-hidden=\"true\" class=\"wp-block-spacer\"><\/div>\n\n\n\n<div class=\"wp-block-group has-global-padding is-layout-constrained wp-block-group-is-layout-constrained\">\n<div class=\"wp-block-group has-global-padding is-content-justification-right is-layout-constrained wp-container-core-group-is-layout-d6cffc46 wp-block-group-is-layout-constrained\">\n<div class=\"wp-block-columns is-layout-flex wp-container-core-columns-is-layout-28f84493 wp-block-columns-is-layout-flex\">\n<div class=\"wp-block-column is-layout-flow wp-block-column-is-layout-flow\" style=\"flex-basis:80%\">\n<div class=\"wp-block-group has-global-padding is-layout-constrained wp-container-core-group-is-layout-e0082cf6 wp-block-group-is-layout-constrained\">\n<h5 class=\"wp-block-heading has-white-color has-text-color\">Skin Health and Beauty<\/h5>\n\n\n\n<h1 class=\"wp-block-heading has-text-align-left has-white-color has-text-color\">Mes Produits<\/h1>\n<\/div>\n\n\n\n<p class=\"has-white-color has-text-color\">The scientific journals that focus on skin care and dermatology. One prominent example is the \u00ab\u00a0Journal of Investigative Dermatology\u00a0\u00bb (JID), which covers a wide range of topics related to skin biology, diseases, and therapies. It publishes original research articles, reviews, and clinical studies.<\/p>\n\n\n\n<div class=\"wp-block-buttons is-layout-flex wp-block-buttons-is-layout-flex\">\n<div class=\"wp-block-button is-style-outline is-style-outline--2\"><a class=\"wp-block-button__link has-white-color has-text-color wp-element-button\">Explore More<\/a><\/div>\n<\/div>\n<\/div>\n\n\n\n<div class=\"wp-block-column is-layout-flow wp-block-column-is-layout-flow\" style=\"flex-basis:20%\"><\/div>\n<\/div>\n<\/div>\n<\/div>\n\n\n\n<div style=\"height:10vh\" aria-hidden=\"true\" class=\"wp-block-spacer\"><\/div>\n<\/div><\/div>\n\n\n\n<div style=\"height:5vh\" aria-hidden=\"true\" class=\"wp-block-spacer\"><\/div>\n\n\n\n<h3 class=\"wp-block-heading has-text-align-center\">Our skincare promise<\/h3>\n\n\n\n<div style=\"height:40px\" aria-hidden=\"true\" class=\"wp-block-spacer\"><\/div>\n\n\n\n<div class=\"wp-block-columns is-layout-flex wp-container-core-columns-is-layout-87beb0d0 wp-block-columns-is-layout-flex\">\n<div class=\"wp-block-column is-layout-flow wp-block-column-is-layout-flow\">\n<div class=\"wp-block-columns is-layout-flex wp-container-core-columns-is-layout-87beb0d0 wp-block-columns-is-layout-flex\">\n<div class=\"wp-block-column is-layout-flow wp-block-column-is-layout-flow\">\n<figure class=\"wp-block-image aligncenter size-full is-resized\"><img decoding=\"async\" src=\"https:\/\/demo.agnidesigns.com\/everglow\/wp-content\/uploads\/2023\/07\/natural-3.png\" alt=\"\" class=\"wp-image-80\" style=\"width:200px;height:200px\"\/><\/figure>\n\n\n\n<div style=\"height:36px\" aria-hidden=\"true\" class=\"wp-block-spacer\"><\/div>\n\n\n\n<div class=\"wp-block-group has-global-padding is-layout-constrained wp-container-core-group-is-layout-e0082cf6 wp-block-group-is-layout-constrained\">\n<h5 class=\"wp-block-heading has-text-align-center\">Artisanat 100% Local<\/h5>\n\n\n\n<p class=\"has-text-align-center\">Explore our range of 100% natural skincare products and let nature work its wonders on your skin.<\/p>\n<\/div>\n<\/div>\n\n\n\n<div class=\"wp-block-column is-layout-flow wp-block-column-is-layout-flow\">\n<figure class=\"wp-block-image aligncenter size-full is-resized\"><img decoding=\"async\" src=\"https:\/\/demo.agnidesigns.com\/everglow\/wp-content\/uploads\/2023\/07\/cruelty-free-3.png\" alt=\"\" class=\"wp-image-81\" style=\"width:200px;height:200px\"\/><\/figure>\n\n\n\n<div style=\"height:36px\" aria-hidden=\"true\" class=\"wp-block-spacer\"><\/div>\n\n\n\n<div class=\"wp-block-group has-global-padding is-layout-constrained wp-container-core-group-is-layout-e0082cf6 wp-block-group-is-layout-constrained\">\n<h5 class=\"wp-block-heading has-text-align-center\">Fait main avec amour<\/h5>\n\n\n\n<p class=\"has-text-align-center\">All our products are carefully crafted with plant-based ingredients and without any animal testing.<\/p>\n<\/div>\n<\/div>\n<\/div>\n<\/div>\n\n\n\n<div class=\"wp-block-column is-layout-flow wp-block-column-is-layout-flow\">\n<div class=\"wp-block-columns is-layout-flex wp-container-core-columns-is-layout-87beb0d0 wp-block-columns-is-layout-flex\">\n<div class=\"wp-block-column is-layout-flow wp-block-column-is-layout-flow\">\n<figure class=\"wp-block-image aligncenter size-full is-resized\"><img decoding=\"async\" src=\"https:\/\/demo.agnidesigns.com\/everglow\/wp-content\/uploads\/2023\/07\/no-alcohol-3.png\" alt=\"\" class=\"wp-image-82\" style=\"width:200px;height:200px\"\/><\/figure>\n\n\n\n<div style=\"height:36px\" aria-hidden=\"true\" class=\"wp-block-spacer\"><\/div>\n\n\n\n<div class=\"wp-block-group has-global-padding is-layout-constrained wp-container-core-group-is-layout-e0082cf6 wp-block-group-is-layout-constrained\">\n<h5 class=\"wp-block-heading has-text-align-center\">No alcohol<\/h5>\n\n\n\n<p class=\"has-text-align-center\">Our alcohol-free skincare formulations are carefully crafted to deliver optimal results in your skin.<\/p>\n<\/div>\n<\/div>\n\n\n\n<div class=\"wp-block-column is-layout-flow wp-block-column-is-layout-flow\">\n<figure class=\"wp-block-image aligncenter size-full is-resized\"><img decoding=\"async\" src=\"https:\/\/demo.agnidesigns.com\/everglow\/wp-content\/uploads\/2023\/07\/eco-friendly-3.png\" alt=\"\" class=\"wp-image-83\" style=\"width:200px;height:200px\"\/><\/figure>\n\n\n\n<div style=\"height:36px\" aria-hidden=\"true\" class=\"wp-block-spacer\"><\/div>\n\n\n\n<div class=\"wp-block-group has-global-padding is-layout-constrained wp-container-core-group-is-layout-e0082cf6 wp-block-group-is-layout-constrained\">\n<h5 class=\"wp-block-heading has-text-align-center\">Eco friendly<\/h5>\n\n\n\n<p class=\"has-text-align-center\">We believe that taking care of your skin should never come at the expense of the environment<\/p>\n<\/div>\n<\/div>\n<\/div>\n<\/div>\n<\/div>\n\n\n\n<div style=\"height:5vh\" aria-hidden=\"true\" class=\"wp-block-spacer\"><\/div>\n\n\n\n<div class=\"wp-block-columns alignfull is-layout-flex wp-container-core-columns-is-layout-0070452a wp-block-columns-is-layout-flex\" style=\"margin-bottom:0\">\n<div class=\"wp-block-column is-layout-flow wp-block-column-is-layout-flow\" style=\"padding-top:0;padding-right:0;padding-bottom:0;padding-left:0;flex-basis:50%\">\n<figure class=\"wp-block-image size-full\"><img decoding=\"async\" src=\"https:\/\/demo.agnidesigns.com\/everglow\/wp-content\/uploads\/2023\/07\/about-image-6.jpg\" alt=\"\" class=\"wp-image-383\"\/><\/figure>\n<\/div>\n\n\n\n<div class=\"wp-block-column has-accent-background-background-color has-background is-layout-flow wp-block-column-is-layout-flow\" style=\"padding-top:0;padding-right:0;padding-bottom:0;padding-left:0;flex-basis:50%\">\n<div class=\"wp-block-group is-vertical is-layout-flex wp-container-core-group-is-layout-d6b9ab57 wp-block-group-is-layout-flex\" style=\"min-height:100%\">\n<div class=\"wp-block-group has-global-padding is-content-justification-left is-layout-constrained wp-container-core-group-is-layout-93915463 wp-block-group-is-layout-constrained\" style=\"padding-top:var(--wp--preset--spacing--20);padding-right:var(--wp--preset--spacing--20);padding-bottom:var(--wp--preset--spacing--20);padding-left:var(--wp--preset--spacing--20)\">\n<div class=\"wp-block-columns is-layout-flex wp-container-core-columns-is-layout-28f84493 wp-block-columns-is-layout-flex\">\n<div class=\"wp-block-column is-layout-flow wp-block-column-is-layout-flow\" style=\"flex-basis:80px\"><\/div>\n\n\n\n<div class=\"wp-block-column is-layout-flow wp-block-column-is-layout-flow\" style=\"flex-basis:100%\">\n<h5 class=\"wp-block-heading\">Mes collections<\/h5>\n\n\n\n<h2 class=\"wp-block-heading\">Les Cours <\/h2>\n\n\n\n<div style=\"height:30px\" aria-hidden=\"true\" class=\"wp-block-spacer\"><\/div>\n\n\n\n<p>Facial skin is left looking youthfully firm, radiant and noticeably smoother. This formulation is ideal for use as an intensive treatment to counteract the effects of environmental exposure including sunburn, windburn and overexposure to heating or air-conditioning.<\/p>\n\n\n\n<div style=\"height:20px\" aria-hidden=\"true\" class=\"wp-block-spacer\"><\/div>\n\n\n\n<div class=\"wp-block-buttons is-layout-flex wp-block-buttons-is-layout-flex\">\n<div class=\"wp-block-button is-style-outline is-style-outline--3\"><a class=\"wp-block-button__link wp-element-button\">Explore more<img decoding=\"async\" class=\"wp-image-78\" style=\"width: 16px;\" src=\"https:\/\/demo.agnidesigns.com\/everglow\/wp-content\/uploads\/2023\/07\/arrow-right.png\" alt=\"\"><\/a><\/div>\n<\/div>\n<\/div>\n<\/div>\n<\/div>\n<\/div>\n<\/div>\n<\/div>\n\n\n\n<div class=\"wp-block-columns alignfull is-layout-flex wp-container-core-columns-is-layout-606a2e66 wp-block-columns-is-layout-flex\" style=\"margin-top:0\">\n<div class=\"wp-block-column has-accent-background-background-color has-background is-layout-flow wp-block-column-is-layout-flow\" style=\"padding-top:0;padding-right:0;padding-bottom:0;padding-left:0;flex-basis:50%\">\n<div class=\"wp-block-group is-vertical is-content-justification-right is-layout-flex wp-container-core-group-is-layout-b5bd5c8a wp-block-group-is-layout-flex\" style=\"min-height:100%\">\n<div class=\"wp-block-group has-global-padding is-content-justification-left is-layout-constrained wp-container-core-group-is-layout-93915463 wp-block-group-is-layout-constrained\" style=\"padding-top:var(--wp--preset--spacing--20);padding-right:var(--wp--preset--spacing--20);padding-bottom:var(--wp--preset--spacing--20);padding-left:var(--wp--preset--spacing--20)\">\n<div class=\"wp-block-columns is-layout-flex wp-container-core-columns-is-layout-28f84493 wp-block-columns-is-layout-flex\">\n<div class=\"wp-block-column is-layout-flow wp-block-column-is-layout-flow\" style=\"flex-basis:100%\">\n<h5 class=\"wp-block-heading\">Reach Us<\/h5>\n\n\n\n<h2 class=\"wp-block-heading\">Skincare Delights Just Around the Corner<\/h2>\n\n\n\n<div style=\"height:30px\" aria-hidden=\"true\" class=\"wp-block-spacer\"><\/div>\n\n\n\n<p>Our store finder tool allows you to easily locate the nearest stores carrying a wide range of top-quality skincare brands. Whether you&rsquo;re searching for that perfect moisturizer, effective cleanser, or specialized treatment, our store finder will guide you to the closest retail locations.<\/p>\n\n\n\n<div style=\"height:20px\" aria-hidden=\"true\" class=\"wp-block-spacer\"><\/div>\n\n\n\n<div class=\"wp-block-buttons is-layout-flex wp-block-buttons-is-layout-flex\">\n<div class=\"wp-block-button is-style-outline is-style-outline--4\"><a class=\"wp-block-button__link wp-element-button\">Contact us<img decoding=\"async\" class=\"wp-image-78\" style=\"width: 16px;\" src=\"https:\/\/demo.agnidesigns.com\/everglow\/wp-content\/uploads\/2023\/07\/arrow-right.png\" alt=\"\"><\/a><\/div>\n<\/div>\n<\/div>\n\n\n\n<div class=\"wp-block-column is-layout-flow wp-block-column-is-layout-flow\" style=\"flex-basis:80px\"><\/div>\n<\/div>\n<\/div>\n<\/div>\n<\/div>\n\n\n\n<div class=\"wp-block-column display-first-on-mobile is-layout-flow wp-block-column-is-layout-flow\" style=\"padding-top:0;padding-right:0;padding-bottom:0;padding-left:0;flex-basis:50%\">\n<figure class=\"wp-block-image size-full\"><img decoding=\"async\" src=\"https:\/\/demo.agnidesigns.com\/everglow\/wp-content\/uploads\/2023\/07\/about-image-5.jpg\" alt=\"\" class=\"wp-image-382\"\/><\/figure>\n<\/div>\n<\/div>\n\n\n\n<div style=\"height:5vh\" aria-hidden=\"true\" class=\"wp-block-spacer\"><\/div>\n\n\n\n<div class=\"wp-block-group has-global-padding is-content-justification-left is-layout-constrained wp-container-core-group-is-layout-40b51ded wp-block-group-is-layout-constrained\">\n<h2 class=\"wp-block-heading\">Featured products<\/h2>\n\n\n\n<p>Discover the power of our Radiant Beauty line, meticulously formulated to nourish, transform, and revitalize your skin.<\/p>\n<\/div>\n\n\n\n\n\n<div style=\"height:5vh\" aria-hidden=\"true\" class=\"wp-block-spacer\"><\/div>\n\n\n\n<hr class=\"wp-block-separator has-text-color has-accent-border-color has-alpha-channel-opacity has-accent-border-background-color has-background is-style-wide\"\/>\n\n\n\n<div style=\"height:5vh\" aria-hidden=\"true\" class=\"wp-block-spacer\"><\/div>\n\n\n\n<h3 class=\"wp-block-heading has-text-align-center\">Follow us @everglow.beauty<\/h3>\n\n\n\n<div style=\"height:10px\" aria-hidden=\"true\" class=\"wp-block-spacer\"><\/div>\n\n\n\n<figure class=\"wp-block-gallery has-nested-images columns-4 is-cropped wp-block-gallery-5 is-layout-flex wp-block-gallery-is-layout-flex\">\n<figure class=\"wp-block-image size-full\"><img decoding=\"async\" data-id=\"381\" src=\"https:\/\/demo.agnidesigns.com\/everglow\/wp-content\/uploads\/2023\/07\/about-image-4.jpg\" alt=\"\" class=\"wp-image-381\"\/><\/figure>\n\n\n\n<figure class=\"wp-block-image size-full\"><img decoding=\"async\" data-id=\"380\" src=\"https:\/\/demo.agnidesigns.com\/everglow\/wp-content\/uploads\/2023\/07\/about-image-3.jpg\" alt=\"\" class=\"wp-image-380\"\/><\/figure>\n\n\n\n<figure class=\"wp-block-image size-full\"><img decoding=\"async\" data-id=\"379\" src=\"https:\/\/demo.agnidesigns.com\/everglow\/wp-content\/uploads\/2023\/07\/about-image-2.jpg\" alt=\"\" class=\"wp-image-379\"\/><\/figure>\n\n\n\n<figure class=\"wp-block-image size-full\"><img decoding=\"async\" data-id=\"378\" src=\"https:\/\/demo.agnidesigns.com\/everglow\/wp-content\/uploads\/2023\/07\/about-image-1.jpg\" alt=\"\" class=\"wp-image-378\"\/><\/figure>\n<\/figure>\n\n\n\n<div style=\"height:5vh\" aria-hidden=\"true\" class=\"wp-block-spacer\"><\/div>\n","protected":false},"excerpt":{"rendered":"<p>DEVISE The act of applying makeup to enhance and beautify our features is one of life\u2019s enduring rituals. Until recently, to find something that could nurture and nourish the skin, rather than toxify it, was close to impossible. Our skincare promise Artisanat 100% Local Explore our range of 100% natural skincare products and let nature [&hellip;]<\/p>\n","protected":false},"author":1,"featured_media":0,"parent":0,"menu_order":0,"comment_status":"closed","ping_status":"closed","template":"page-blank-transparent-lite","meta":{"footnotes":""},"class_list":["post-875","page","type-page","status-publish","hentry"],"_links":{"self":[{"href":"https:\/\/so-ceramic.fr\/index.php\/wp-json\/wp\/v2\/pages\/875","targetHints":{"allow":["GET"]}}],"collection":[{"href":"https:\/\/so-ceramic.fr\/index.php\/wp-json\/wp\/v2\/pages"}],"about":[{"href":"https:\/\/so-ceramic.fr\/index.php\/wp-json\/wp\/v2\/types\/page"}],"author":[{"embeddable":true,"href":"https:\/\/so-ceramic.fr\/index.php\/wp-json\/wp\/v2\/users\/1"}],"replies":[{"embeddable":true,"href":"https:\/\/so-ceramic.fr\/index.php\/wp-json\/wp\/v2\/comments?post=875"}],"version-history":[{"count":3,"href":"https:\/\/so-ceramic.fr\/index.php\/wp-json\/wp\/v2\/pages\/875\/revisions"}],"predecessor-version":[{"id":1279,"href":"https:\/\/so-ceramic.fr\/index.php\/wp-json\/wp\/v2\/pages\/875\/revisions\/1279"}],"wp:attachment":[{"href":"https:\/\/so-ceramic.fr\/index.php\/wp-json\/wp\/v2\/media?parent=875"}],"curies":[{"name":"wp","href":"https:\/\/api.w.org\/{rel}","templated":true}]}}