{"id":1390,"date":"2025-04-02T16:54:23","date_gmt":"2025-04-02T14:54:23","guid":{"rendered":"https:\/\/so-ceramic.fr\/?page_id=1390"},"modified":"2025-11-07T21:22:35","modified_gmt":"2025-11-07T20:22:35","slug":"initiation_modelage","status":"publish","type":"page","link":"https:\/\/so-ceramic.fr\/index.php\/initiation_modelage\/","title":{"rendered":"Initiation_Modelage"},"content":{"rendered":"\n<div class=\"wp-block-cover alignfull is-light\" style=\"min-height:580px;aspect-ratio:unset;\"><img loading=\"lazy\" decoding=\"async\" width=\"2000\" height=\"1333\" class=\"wp-block-cover__image-background wp-image-1382\" alt=\"\" src=\"https:\/\/so-ceramic.fr\/wp-content\/uploads\/2025\/03\/7688.jpg\" data-object-fit=\"cover\" srcset=\"https:\/\/so-ceramic.fr\/wp-content\/uploads\/2025\/03\/7688.jpg 2000w, https:\/\/so-ceramic.fr\/wp-content\/uploads\/2025\/03\/7688-300x200.jpg 300w, https:\/\/so-ceramic.fr\/wp-content\/uploads\/2025\/03\/7688-1024x682.jpg 1024w, https:\/\/so-ceramic.fr\/wp-content\/uploads\/2025\/03\/7688-768x512.jpg 768w, https:\/\/so-ceramic.fr\/wp-content\/uploads\/2025\/03\/7688-1536x1024.jpg 1536w, https:\/\/so-ceramic.fr\/wp-content\/uploads\/2025\/03\/7688-1320x880.jpg 1320w, https:\/\/so-ceramic.fr\/wp-content\/uploads\/2025\/03\/7688-600x400.jpg 600w\" sizes=\"auto, (max-width: 2000px) 100vw, 2000px\" \/><span aria-hidden=\"true\" class=\"wp-block-cover__background has-background-dim-0 has-background-dim\" style=\"background-color:#d09672\"><\/span><div class=\"wp-block-cover__inner-container is-layout-flow wp-block-cover-is-layout-flow\">\n<div style=\"height:80px\" aria-hidden=\"true\" class=\"wp-block-spacer\"><\/div>\n\n\n\n<div class=\"wp-block-group has-global-padding is-layout-constrained wp-block-group-is-layout-constrained\">\n<div class=\"wp-block-group has-global-padding is-content-justification-left is-layout-constrained wp-container-core-group-is-layout-dc37ffa9 wp-block-group-is-layout-constrained\">\n<h1 class=\"wp-block-heading has-text-align-left has-white-color has-text-color has-link-color wp-elements-7fbac107ad804d2e9c2fbcf7cca8f3fb\">D\u00e9couvrez nos cours et initiations<\/h1>\n\n\n\n<div class=\"wp-block-buttons is-layout-flex wp-block-buttons-is-layout-flex\">\n<div class=\"wp-block-button is-style-outline is-style-outline--1\"><a class=\"wp-block-button__link has-white-color has-text-color has-link-color wp-element-button\" href=\"\/index.php\/Liste_cours\">Choisissez votre cours <\/a><\/div>\n<\/div>\n<\/div>\n<\/div>\n<\/div><\/div>\n\n\n\n<div style=\"height:5vh\" aria-hidden=\"true\" class=\"wp-block-spacer\"><\/div>\n\n\n\n<div class=\"wp-block-columns is-layout-flex wp-container-core-columns-is-layout-28f84493 wp-block-columns-is-layout-flex\">\n<div class=\"wp-block-column is-layout-flow wp-block-column-is-layout-flow\" style=\"flex-basis:66.66%\">\n<figure class=\"wp-block-gallery has-nested-images columns-default is-cropped wp-block-gallery-2 is-layout-flex wp-block-gallery-is-layout-flex\">\n<figure class=\"wp-block-image size-full\"><img loading=\"lazy\" decoding=\"async\" width=\"1912\" height=\"2560\" data-id=\"1414\" src=\"https:\/\/so-ceramic.fr\/wp-content\/uploads\/2025\/03\/assortment-pottery-elements-workshop-scaled.jpg\" alt=\"\" class=\"wp-image-1414\" srcset=\"https:\/\/so-ceramic.fr\/wp-content\/uploads\/2025\/03\/assortment-pottery-elements-workshop-scaled.jpg 1912w, https:\/\/so-ceramic.fr\/wp-content\/uploads\/2025\/03\/assortment-pottery-elements-workshop-224x300.jpg 224w, https:\/\/so-ceramic.fr\/wp-content\/uploads\/2025\/03\/assortment-pottery-elements-workshop-765x1024.jpg 765w, https:\/\/so-ceramic.fr\/wp-content\/uploads\/2025\/03\/assortment-pottery-elements-workshop-768x1029.jpg 768w, https:\/\/so-ceramic.fr\/wp-content\/uploads\/2025\/03\/assortment-pottery-elements-workshop-1147x1536.jpg 1147w, https:\/\/so-ceramic.fr\/wp-content\/uploads\/2025\/03\/assortment-pottery-elements-workshop-1529x2048.jpg 1529w, https:\/\/so-ceramic.fr\/wp-content\/uploads\/2025\/03\/assortment-pottery-elements-workshop-1320x1768.jpg 1320w, https:\/\/so-ceramic.fr\/wp-content\/uploads\/2025\/03\/assortment-pottery-elements-workshop-600x804.jpg 600w\" sizes=\"auto, (max-width: 1912px) 100vw, 1912px\" \/><\/figure>\n<\/figure>\n<\/div>\n\n\n\n<div class=\"wp-block-column is-vertically-aligned-center is-layout-flow wp-block-column-is-layout-flow\" style=\"flex-basis:33.33%\">\n<div class=\"wp-block-columns is-layout-flex wp-container-core-columns-is-layout-28f84493 wp-block-columns-is-layout-flex\">\n<div class=\"wp-block-column is-layout-flow wp-block-column-is-layout-flow\" style=\"flex-basis:2.5rem\"><\/div>\n\n\n\n<div class=\"wp-block-column is-layout-flow wp-block-column-is-layout-flow\" style=\"flex-basis:100%\">\n<div class=\"wp-block-group has-global-padding is-layout-constrained wp-block-group-is-layout-constrained\">\n<h2 class=\"wp-block-heading\">Cours de Modelage<\/h2>\n\n\n\n<p class=\"has-small-font-size\"><strong><strong>Lib\u00e9rez votre Cr\u00e9ativit\u00e9 avec l&rsquo;Argile <\/strong>\ud83c\udf3f\u2728<\/strong><\/p>\n\n\n\n<p class=\"has-large-font-size\"><strong>\u23f3 Dur\u00e9e : 2h00<\/strong><br>\ud83d\udcb0<strong> Tarif : 75\u20ac <\/strong>\u2013 Tout est inclus !<\/p>\n\n\n\n<hr class=\"wp-block-separator has-alpha-channel-opacity\"\/>\n\n\n\n<p class=\"has-small-font-size\">Venez d\u00e9couvrir le plaisir de fa\u00e7onner l&rsquo;argile et laissez libre cours \u00e0 votre imagination lors de ce cours de 2h00. Que vous soyez d\u00e9butant ou simplement curieux de d\u00e9couvrir le modelage, ce cours est con\u00e7u pour vous permettre d\u2019explorer diff\u00e9rentes techniques de mani\u00e8re accessible et ludique.<\/p>\n\n\n\n<p class=\"has-small-font-size\">\ud83d\udc50 <strong>Ce que vous apprendrez<\/strong><\/p>\n\n\n\n<p class=\"has-small-font-size\">\u2714\ufe0f Les bases du modelage : techniques du pinc\u00e9, du colombin et de la plaque<br>\u2714\ufe0f Cr\u00e9ation d\u2019objets personnalis\u00e9s : bols, figurines, d\u00e9corations\u2026 \u00e0 partir de votre inspiration<\/p>\n\n\n\n<p class=\"has-small-font-size\">\ud83d\udce6 <strong>Ce qui est inclus<\/strong><\/p>\n\n\n\n<p class=\"has-small-font-size\">\u2699\ufe0f Tout le mat\u00e9riel est fourni : argile, outils et espace de travail<br>\ud83d\udc68\u200d\ud83c\udfeb Accompagnement par un c\u00e9ramiste professionnel tout au long de la s\u00e9ance<br>\ud83d\udd25 Cuisson et \u00e9maillage des cr\u00e9ations (selon le calendrier de cuisson de l&rsquo;atelier)<\/p>\n\n\n\n<hr class=\"wp-block-separator has-alpha-channel-opacity\"\/>\n\n\n\n<p class=\"has-small-font-size\">\ud83d\udcc5 <strong>Infos pratiques<\/strong><\/p>\n\n\n\n<p class=\"has-small-font-size\">\ud83d\udeaa Arrivez 10 minutes avant le d\u00e9but du cours<br>\ud83d\udccd Atelier So\u2019 Ceramic<br>\ud83d\udc65 Groupe restreint : 8 participants maximum pour un accompagnement personnalis\u00e9<br>\u26a0\ufe0f En cas de nombre insuffisant de participants, le cours pourra \u00eatre report\u00e9 ou annul\u00e9 (vous serez pr\u00e9venu(e) \u00e0 l\u2019avance).<br>\ud83d\udcc5 <strong>R\u00e9servation obligatoire<\/strong> <\/p>\n\n\n\n<p class=\"has-small-font-size\">\u2728 Rejoignez-nous pour une exp\u00e9rience cr\u00e9ative inoubliable <\/p>\n\n\n\n<div class=\"wp-block-buttons is-layout-flex wp-block-buttons-is-layout-flex\">\n<div class=\"wp-block-button is-style-outline is-style-outline--3\"><a class=\"wp-block-button__link wp-element-button\" href=\"https:\/\/so-ceramic.fr\/index.php\/reservationcours\/\">Je r\u00e9serve !!!<\/a><\/div>\n\n\n\n<div class=\"wp-block-button is-style-outline is-style-outline--4\"><a class=\"wp-block-button__link wp-element-button\" href=\"\/index.php\/cours_abonnements\/\">Autres Formules<\/a><\/div>\n<\/div>\n<\/div>\n<\/div>\n<\/div>\n<\/div>\n<\/div>\n\n\n\n<div style=\"height:5vh\" aria-hidden=\"true\" class=\"wp-block-spacer\"><\/div>\n\n\n\n<hr class=\"wp-block-separator has-text-color has-accent-border-color has-alpha-channel-opacity has-accent-border-background-color has-background is-style-wide\"\/>\n\n\n\n<div style=\"height:5vh\" aria-hidden=\"true\" class=\"wp-block-spacer\"><\/div>\n","protected":false},"excerpt":{"rendered":"<p>Cours de Modelage Lib\u00e9rez votre Cr\u00e9ativit\u00e9 avec l&rsquo;Argile \ud83c\udf3f\u2728 \u23f3 Dur\u00e9e : 2h00\ud83d\udcb0 Tarif : 75\u20ac \u2013 Tout est inclus ! Venez d\u00e9couvrir le plaisir de fa\u00e7onner l&rsquo;argile et laissez libre cours \u00e0 votre imagination lors de ce cours de 2h00. Que vous soyez d\u00e9butant ou simplement curieux de d\u00e9couvrir le modelage, ce cours est [&hellip;]<\/p>\n","protected":false},"author":1,"featured_media":0,"parent":0,"menu_order":0,"comment_status":"closed","ping_status":"closed","template":"page-blank-transparent-lite","meta":{"footnotes":""},"class_list":["post-1390","page","type-page","status-publish","hentry"],"_links":{"self":[{"href":"https:\/\/so-ceramic.fr\/index.php\/wp-json\/wp\/v2\/pages\/1390","targetHints":{"allow":["GET"]}}],"collection":[{"href":"https:\/\/so-ceramic.fr\/index.php\/wp-json\/wp\/v2\/pages"}],"about":[{"href":"https:\/\/so-ceramic.fr\/index.php\/wp-json\/wp\/v2\/types\/page"}],"author":[{"embeddable":true,"href":"https:\/\/so-ceramic.fr\/index.php\/wp-json\/wp\/v2\/users\/1"}],"replies":[{"embeddable":true,"href":"https:\/\/so-ceramic.fr\/index.php\/wp-json\/wp\/v2\/comments?post=1390"}],"version-history":[{"count":19,"href":"https:\/\/so-ceramic.fr\/index.php\/wp-json\/wp\/v2\/pages\/1390\/revisions"}],"predecessor-version":[{"id":1900,"href":"https:\/\/so-ceramic.fr\/index.php\/wp-json\/wp\/v2\/pages\/1390\/revisions\/1900"}],"wp:attachment":[{"href":"https:\/\/so-ceramic.fr\/index.php\/wp-json\/wp\/v2\/media?parent=1390"}],"curies":[{"name":"wp","href":"https:\/\/api.w.org\/{rel}","templated":true}]}}